{"id":27,"date":"2021-07-31T00:49:22","date_gmt":"2021-07-31T00:49:22","guid":{"rendered":"https:\/\/revistabrasileiradefisica.com\/rbf\/contact\/"},"modified":"2023-01-25T21:30:50","modified_gmt":"2023-01-26T00:30:50","slug":"eventos","status":"publish","type":"page","link":"https:\/\/revistabrasileiradefisica.com\/rbf\/eventos\/","title":{"rendered":"Eventos"},"content":{"rendered":"\r\n<p>Eventos realizados ou apoiados pela Revista Brasileira de F\u00edsica:<\/p>\r\n\r\n\r\n\r\n<h4 class=\"wp-block-heading\">III Congresso Brasileiro de F\u00edsica<\/h4>\r\n\r\n\r\n\r\n<p class=\"has-small-font-size\">Clique <strong><a href=\"https:\/\/revistabrasileiradefisica.com\/rbf\/congresso\/iii\/\" data-type=\"page\" data-id=\"356\">aqui<\/a> <\/strong>para acessar.<\/p>\r\n\r\n\r\n\r\n<h4 class=\"wp-block-heading\">Palestra sobre buracos negros<\/h4>\r\n\r\n\r\n\r\n<p class=\"has-small-font-size\">Falaremos sobre buracos negros, desde os prim\u00f3rdios at\u00e9 a atualidade.  Com certificado expedido pela Revista Brasileira de F\u00edsica, com carga hor\u00e1ria estimada de 1h. <br><a href=\"https:\/\/mpago.la\/1nX9qMA\" rel=\"noopener\" target=\"_blank\">Clique aqui para adquirir o certificado<\/a>. Para acessar a palestra, clique <a href=\"https:\/\/www.youtube.com\/watch?v=O827OTqC8dw\" rel=\"noopener\" target=\"_blank\">aqui<\/a>.<\/p>\r\n\r\n\r\n\r\n<h4 class=\"wp-block-heading\">II Congresso Brasileiro de F\u00edsica  (encerrado)<\/h4>\r\n\r\n\r\n\r\n<p class=\"has-small-font-size\">Clique <strong><a href=\"https:\/\/revistabrasileiradefisica.com\/rbf\/congresso\/ii\/\" data-type=\"page\" data-id=\"356\">aqui<\/a> <\/strong>para acessar.<\/p>\r\n\r\n\r\n\r\n<h4 class=\"wp-block-heading\">Mini-curso de astronomia<\/h4>\r\n\r\n\r\n\r\n<p class=\"has-small-font-size\">Estamos preparando um curso introdut\u00f3rio de astronomia. Com certificado expedido pela Revista Brasileira de F\u00edsica, com carga hor\u00e1ria estimada de 20h.<br>Tem interesse em assistir? Preencha o formul\u00e1rio abaixo:<\/p>\r\n\r\n\r\n\r\n<div class=\"wp-block-contact-form-7-contact-form-selector\"><div role=\"form\" class=\"wpcf7\" id=\"wpcf7-f239-o1\" lang=\"pt-PT\" dir=\"ltr\">\n<div class=\"screen-reader-response\"><p role=\"status\" aria-live=\"polite\" aria-atomic=\"true\"><\/p> <ul><\/ul><\/div>\n<form action=\"\/rbf\/wp-json\/wp\/v2\/pages\/27#wpcf7-f239-o1\" method=\"post\" class=\"wpcf7-form init\" novalidate=\"novalidate\" data-status=\"init\">\n<div style=\"display: none;\">\n<input type=\"hidden\" name=\"_wpcf7\" value=\"239\" \/>\n<input type=\"hidden\" name=\"_wpcf7_version\" value=\"5.5.6.1\" \/>\n<input type=\"hidden\" name=\"_wpcf7_locale\" value=\"pt_PT\" \/>\n<input type=\"hidden\" name=\"_wpcf7_unit_tag\" value=\"wpcf7-f239-o1\" \/>\n<input type=\"hidden\" name=\"_wpcf7_container_post\" value=\"0\" \/>\n<input type=\"hidden\" name=\"_wpcf7_posted_data_hash\" value=\"\" \/>\n<\/div>\n<p><label> Seu nome<br \/>\n    <span class=\"wpcf7-form-control-wrap nome\"><input type=\"text\" name=\"nome\" value=\"\" size=\"40\" class=\"wpcf7-form-control wpcf7-text wpcf7-validates-as-required\" aria-required=\"true\" aria-invalid=\"false\" \/><\/span> <\/label><\/p>\n<p><label> E-mail<br \/>\n    <span class=\"wpcf7-form-control-wrap email\"><input type=\"email\" name=\"email\" value=\"\" size=\"40\" class=\"wpcf7-form-control wpcf7-text wpcf7-email wpcf7-validates-as-required wpcf7-validates-as-email\" aria-required=\"true\" aria-invalid=\"false\" \/><\/span> <\/label><\/p>\n<p><label> WhatsApp, Telegram ou Signal<br \/>\n    <span class=\"wpcf7-form-control-wrap whatsapp\"><input type=\"text\" name=\"whatsapp\" value=\"\" size=\"40\" class=\"wpcf7-form-control wpcf7-text wpcf7-validates-as-required\" aria-required=\"true\" aria-invalid=\"false\" \/><\/span> <\/label><\/p>\n<p><input type=\"submit\" value=\"Cadastrar interesse neste evento\" class=\"wpcf7-form-control has-spinner wpcf7-submit\" \/><\/p>\n<div class=\"wpcf7-response-output\" aria-hidden=\"true\"><\/div><\/form><\/div><\/div>\r\n\r\n\r\n\r\n<h4 class=\"wp-block-heading\">I Congresso Brasileiro de F\u00edsica (encerrado)<\/h4>\r\n\r\n\r\n\r\n<p class=\"has-small-font-size\"><strong>Data<\/strong>: 16 e 17 de outubro de 2021<br><strong>Link<\/strong>: <a href=\"https:\/\/www.congressobrasileirodefisica.com\" data-type=\"URL\" data-id=\"https:\/\/www.congressobrasileirodefisica.com\" target=\"_blank\" rel=\"noreferrer noopener\">www.congressobrasileirodefisica.com<\/a><\/p>\r\n\r\n\r\n\r\n<figure class=\"wp-block-embed is-type-video is-provider-youtube wp-block-embed-youtube wp-embed-aspect-16-9 wp-has-aspect-ratio\"><div class=\"wp-block-embed__wrapper\">\r\n<iframe loading=\"lazy\" title=\"Congresso Brasileiro de F\u00edsica\" width=\"800\" height=\"450\" src=\"https:\/\/www.youtube.com\/embed\/xJMJz_CAPvg?feature=oembed\" frameborder=\"0\" allow=\"accelerometer; autoplay; clipboard-write; encrypted-media; gyroscope; picture-in-picture; web-share\" allowfullscreen><\/iframe>\r\n<\/div><\/figure>\r\n","protected":false},"excerpt":{"rendered":"<p>Eventos realizados ou apoiados pela Revista Brasileira de F\u00edsica: III Congresso Brasileiro de F\u00edsica Clique aqui para acessar. Palestra sobre buracos negros Falaremos sobre buracos [&#8230;]<\/p>\n","protected":false},"author":1,"featured_media":0,"parent":0,"menu_order":0,"comment_status":"closed","ping_status":"closed","template":"templates\/template-sidebar-right.php","meta":{"_mi_skip_tracking":false,"_monsterinsights_sitenote_active":false,"_monsterinsights_sitenote_note":"","_monsterinsights_sitenote_category":0},"_links":{"self":[{"href":"https:\/\/revistabrasileiradefisica.com\/rbf\/wp-json\/wp\/v2\/pages\/27"}],"collection":[{"href":"https:\/\/revistabrasileiradefisica.com\/rbf\/wp-json\/wp\/v2\/pages"}],"about":[{"href":"https:\/\/revistabrasileiradefisica.com\/rbf\/wp-json\/wp\/v2\/types\/page"}],"author":[{"embeddable":true,"href":"https:\/\/revistabrasileiradefisica.com\/rbf\/wp-json\/wp\/v2\/users\/1"}],"replies":[{"embeddable":true,"href":"https:\/\/revistabrasileiradefisica.com\/rbf\/wp-json\/wp\/v2\/comments?post=27"}],"version-history":[{"count":9,"href":"https:\/\/revistabrasileiradefisica.com\/rbf\/wp-json\/wp\/v2\/pages\/27\/revisions"}],"predecessor-version":[{"id":1095,"href":"https:\/\/revistabrasileiradefisica.com\/rbf\/wp-json\/wp\/v2\/pages\/27\/revisions\/1095"}],"wp:attachment":[{"href":"https:\/\/revistabrasileiradefisica.com\/rbf\/wp-json\/wp\/v2\/media?parent=27"}],"curies":[{"name":"wp","href":"https:\/\/api.w.org\/{rel}","templated":true}]}}