{"id":1145,"date":"2023-03-29T20:51:34","date_gmt":"2023-03-29T23:51:34","guid":{"rendered":"https:\/\/revistabrasileiradefisica.com\/rbf\/?page_id=1145"},"modified":"2025-07-11T12:05:11","modified_gmt":"2025-07-11T15:05:11","slug":"clube","status":"publish","type":"page","link":"https:\/\/revistabrasileiradefisica.com\/rbf\/clube\/","title":{"rendered":"Clube de F\u00edsica"},"content":{"rendered":"<p>Prezados leitores,<\/p>\n<p>a <strong>Revista Brasileira de F\u00edsica<\/strong> \u00e9 um importante ve\u00edculo de comunica\u00e7\u00e3o cient\u00edfica em nosso pa\u00eds, que desde 2021, em plena pandemia, vem contribuindo para o avan\u00e7o da pesquisa e do ensino de F\u00edsica no Brasil. Como uma publica\u00e7\u00e3o independente e sem fins lucrativos, aberta, gratuita, dependemos do apoio de volunt\u00e1rios (mestres, doutores, professores, para realizar as avalia\u00e7\u00f5es dos manuscritos) e empresas (que apoiam o peri\u00f3dico e o <strong>Congresso Brasileiro de F\u00edsica<\/strong>, a fim de trazer mais qualidade e visibilidade \u00e0 ambos).<\/p>\n<p><a style=\"border: solid 1px #ccc; padding: 20px; background-color: lightblue; text-decoration: none; color: #000; border-radius: 4px; font-weight: bold; width: 100%; display: block; text-align: center;\" href=\"https:\/\/forms.gle\/jZNzd4BZviZ1WxkZ8\" target=\"_blank\" rel=\"noopener\">Clique aqui para acessar o formul\u00e1rio para realizar a assinatura<\/a><\/p>\n<p><img decoding=\"async\" loading=\"lazy\" class=\"size-medium wp-image-141 alignleft\" src=\"https:\/\/revistabrasileiradefisica.com\/rbf\/wp-content\/uploads\/2021\/08\/rbfv1n1-212x300.jpg\" alt=\"\" width=\"212\" height=\"300\" srcset=\"https:\/\/revistabrasileiradefisica.com\/rbf\/wp-content\/uploads\/2021\/08\/rbfv1n1-212x300.jpg 212w, https:\/\/revistabrasileiradefisica.com\/rbf\/wp-content\/uploads\/2021\/08\/rbfv1n1.jpg 566w\" sizes=\"(max-width: 212px) 100vw, 212px\" \/>\u00c9 por isso que estamos lan\u00e7ando o clube de benef\u00edcios da <strong>Revista Brasileira de F\u00edsica<\/strong>, uma iniciativa que visa n\u00e3o s\u00f3 garantir a continuidade de nossas atividades, mas tamb\u00e9m oferecer aos nossos assinantes uma s\u00e9rie de<strong> vantagens exclusivas<\/strong>.<\/p>\n<p>Ao se tornar um assinante do clube de benef\u00edcios, voc\u00ea estar\u00e1 contribuindo para que possamos<strong> investir em projetos<\/strong> como o <strong>Congresso Brasileiro de F\u00edsica<\/strong> (gratuito e com certificado de participa\u00e7\u00e3o) e <strong>expandir nossas atividades<\/strong> para <strong>outros eventos ao longo do ano<\/strong>. Al\u00e9m disso, voc\u00ea ter\u00e1 acesso a diversas isen\u00e7\u00f5es e descontos em servi\u00e7os e produtos de nossos parceiros, o que pode resultar em uma economia significativa em seu dia a dia.<\/p>\n<p><a style=\"border: solid 1px #ccc; padding: 20px; background-color: lightblue; text-decoration: none; color: #000; border-radius: 4px; font-weight: bold; width: 100%; display: block; text-align: center;\" href=\"https:\/\/forms.gle\/jZNzd4BZviZ1WxkZ8\" target=\"_blank\" rel=\"noopener\">Clique aqui para acessar o formul\u00e1rio para realizar a assinatura<\/a><\/p>\n<p><img decoding=\"async\" loading=\"lazy\" class=\"size-full wp-image-1151 alignright\" src=\"https:\/\/revistabrasileiradefisica.com\/rbf\/wp-content\/uploads\/2023\/03\/logos-parceiros-iii-cbf.gif\" alt=\"\" width=\"250\" height=\"250\" \/>\u00c9 importante ressaltar que a assinatura do clube de benef\u00edcios \u00e9 simb\u00f3lica, e que<strong> todo o valor arrecadado \u00e9 revertido para a manuten\u00e7\u00e3o e expans\u00e3o da Revista Brasileira de F\u00edsica<\/strong>. Se voc\u00ea \u00e9 um estudante ou pesquisador de f\u00edsica, sabe o quanto \u00e9 importante contar com uma publica\u00e7\u00e3o de qualidade para acompanhar as \u00faltimas novidades e avan\u00e7os em sua \u00e1rea.<\/p>\n<p>Por isso, <strong>convidamos voc\u00ea a se juntar a n\u00f3s<\/strong> nesta iniciativa e se tornar um assinante do clube de benef\u00edcios da Revista Brasileira de F\u00edsica. Al\u00e9m de ajudar a manter uma das mais importantes publica\u00e7\u00f5es cient\u00edficas do pa\u00eds, voc\u00ea poder\u00e1 desfrutar de vantagens exclusivas e fazer parte de uma comunidade comprometida com a excel\u00eancia na pesquisa e no ensino de f\u00edsica no Brasil.<\/p>\n<p>Agradecemos desde j\u00e1 o seu apoio e contamos com a sua assinatura!<\/p>\n<p><a style=\"border: solid 1px #ccc; padding: 20px; background-color: lightblue; text-decoration: none; color: #000; border-radius: 4px; font-weight: bold; width: 100%; display: block; text-align: center;\" href=\"https:\/\/forms.gle\/jZNzd4BZviZ1WxkZ8\" target=\"_blank\" rel=\"noopener\">Clique aqui para acessar o formul\u00e1rio para realizar a assinatura<\/a><\/p>\n<h2>Benef\u00edcios<\/h2>\n<p>Veja os benef\u00edcios para quem assina nosso clube:<\/p>\n<h3>Isen\u00e7\u00e3o<\/h3>\n<ul>\n<li>Servi\u00e7o de formata\u00e7\u00e3o <strong>LaTeX<\/strong> para submiss\u00e3o de manuscritos ao nosso peri\u00f3dico;<\/li>\n<li>Servi\u00e7o de edi\u00e7\u00e3o de video para o <strong>Congresso Brasileiro de F\u00edsica<\/strong>;<\/li>\n<li>Entrevista inicial para realizar sess\u00f5es de <strong>psican\u00e1lise<\/strong>;<\/li>\n<li>Entrevista inicial para realizar sess\u00f5es de <strong>psicopedagogia<\/strong>;<\/li>\n<li>Encontros, eventos e palestras fechadas que tiverem o apoio ou forem realizadas pelo peri\u00f3dico.<\/li>\n<\/ul>\n<h3>Desconto<\/h3>\n<ul>\n<li>50% de desconto em sess\u00f5es de <strong>psican\u00e1lise<\/strong>;<\/li>\n<li>50% de desconto em sess\u00f5es de <strong>psicopedagogia<\/strong>;<\/li>\n<li>At\u00e9 45% de desconto em <strong>tradu\u00e7\u00f5es<\/strong> t\u00e9cnicas;<\/li>\n<li>10% em consultas <strong>m\u00e9dicas<\/strong>.<\/li>\n<\/ul>\n<h3>Assine<\/h3>\n<p>A assinatura parte de <b>R$ 5,00<\/b> (voc\u00ea pode escolher qual ser\u00e1 o valor, a partir de R$ 5) e \u00e9 feita atrav\u00e9s do bot\u00e3o abaixo. Se voc\u00ea j\u00e1 preencheu este formul\u00e1rio em algum momento, basta clicar <s><a href=\"javascript:;\" rel=\"noopener\">aqui<\/a> (via Mercado Pago)  ou<\/s> (em fun\u00e7\u00e3o de recorrentes recusas do Mercado Pago em receber pagamentos via cart\u00e3o de cr\u00e9dito, estamos desativando temporariamente as assinaturas usando este servi\u00e7o) <a href=\"https:\/\/www.catarse.me\/rbf\" target=\"_blank\" rel=\"noopener\">aqui<\/a> (via Catarse.me) para efetuar o pagamento.<\/p>\n<p>Basta ent\u00e3o preencher o formul\u00e1rio abaixo e, ao contribuir no Apoio a Ci\u00eancia, sua contribui\u00e7\u00e3o j\u00e1 ser\u00e1 encaminhada \u00e0 n\u00f3s, e voc\u00ea pode acompanhar todas as contribui\u00e7\u00f5es ao peri\u00f3dico por l\u00e1.<\/p>\n<p><a style=\"border: solid 1px #ccc; padding: 20px; background-color: lightblue; text-decoration: none; color: #000; border-radius: 4px; font-weight: bold; width: 100%; display: block; text-align: center;\" href=\"https:\/\/forms.gle\/jZNzd4BZviZ1WxkZ8\" target=\"_blank\" rel=\"noopener\">Clique aqui para acessar o formul\u00e1rio para realizar a assinatura<\/a><\/p>\n<p>Caso queira contribuir com qualquer valor, sem assinaturas, tamb\u00e9m ser\u00e1 muito bem vindo! O PIX da Revista Brasileira de F\u00edsica \u00e9 contato@revistabrasileiradefisica.com<\/p>\n<h3>Muito obrigado<\/h3>\n<p>N\u00e3o h\u00e1 palavras para agradecer \u00e0 todos que j\u00e1 apoiam o peri\u00f3dico, seja como volunt\u00e1rio ao revisar os manuscritos, seja divulgando as a\u00e7\u00f5es que fazemos por aqui, como o Congresso Brasileiro de F\u00edsica e, agora, financeiramente. Esperamos chegar o dia em que poderemos remunerar nossos revisores pelo seu trabalho fundamental para o trabalho que fazemos, bem como elevar o Congresso Brasileiro de F\u00edsica \u00e0 um patamar \u00edmpar em termos de estrutura e engajamento, para poder levar estas oportunidades \u00e0 cada vez mais pessoas!<\/p>\n<p>&nbsp;<\/p>\n<p style=\"text-align: center;\"><a href=\"#\">Topo<\/a> | <a href=\"https:\/\/revistabrasileiradefisica.com\/rbf\/parceiros\/\">Cadastro de parceiros<\/a><\/p>\n","protected":false},"excerpt":{"rendered":"<p>Prezados leitores, a Revista Brasileira de F\u00edsica \u00e9 um importante ve\u00edculo de comunica\u00e7\u00e3o cient\u00edfica em nosso pa\u00eds, que desde 2021, em plena pandemia, vem contribuindo [&#8230;]<\/p>\n","protected":false},"author":1,"featured_media":0,"parent":0,"menu_order":0,"comment_status":"closed","ping_status":"closed","template":"","meta":{"_mi_skip_tracking":false,"_monsterinsights_sitenote_active":false,"_monsterinsights_sitenote_note":"","_monsterinsights_sitenote_category":0},"_links":{"self":[{"href":"https:\/\/revistabrasileiradefisica.com\/rbf\/wp-json\/wp\/v2\/pages\/1145"}],"collection":[{"href":"https:\/\/revistabrasileiradefisica.com\/rbf\/wp-json\/wp\/v2\/pages"}],"about":[{"href":"https:\/\/revistabrasileiradefisica.com\/rbf\/wp-json\/wp\/v2\/types\/page"}],"author":[{"embeddable":true,"href":"https:\/\/revistabrasileiradefisica.com\/rbf\/wp-json\/wp\/v2\/users\/1"}],"replies":[{"embeddable":true,"href":"https:\/\/revistabrasileiradefisica.com\/rbf\/wp-json\/wp\/v2\/comments?post=1145"}],"version-history":[{"count":25,"href":"https:\/\/revistabrasileiradefisica.com\/rbf\/wp-json\/wp\/v2\/pages\/1145\/revisions"}],"predecessor-version":[{"id":1298,"href":"https:\/\/revistabrasileiradefisica.com\/rbf\/wp-json\/wp\/v2\/pages\/1145\/revisions\/1298"}],"wp:attachment":[{"href":"https:\/\/revistabrasileiradefisica.com\/rbf\/wp-json\/wp\/v2\/media?parent=1145"}],"curies":[{"name":"wp","href":"https:\/\/api.w.org\/{rel}","templated":true}]}}